711?
1
What is the hundreds digit of 145?
1
What is the units digit of 6192?
2
What is the units digit of 16349?
9
What is the thousands digit of 1700?
1
What is the hundreds digit of 17940?
9
What is the units digit of 686?
6
What is the units digit of 80283?
3
What is the ten thousands digit of 31529?
3
What is the units digit of 42351?
1
What is the tens digit of 6937?
3
What is the units digit of 1792?
2
What is the hundreds digit of 22437?
4
What is the thousands digit of 3526?
3
What is the tens digit of 73453?
5
What is the tens digit of 54595?
9
What is the ten thousands digit of 19541?
1
What is the hundreds digit of 504?
5
What is the hundred thousands digit of 112470?
1
What is the tens digit of 905?
0
What is the thousands digit of 8484?
8
What is the tens digit of 916?
1
What is the hundreds digit of 2105?
1
What is the units digit of 1296?
6
What is the hundreds digit of 572?
5
What is the hundreds digit of 4707?
7
What is the hundreds digit of 69662?
6
What is the units digit of 72195?
5
What is the thousands digit of 1416?
1
What is the units digit of 183?
3
What is the tens digit of 118?
1
What is the units digit of 34?
4
What is the thousands digit of 9454?
9
What is the ten thousands digit of 56108?
5
What is the thousands digit of 131531?
1
What is the thousands digit of 46673?
6
What is the hundreds digit of 1289?
2
What is the thousands digit of 1135?
1
What is the hundreds digit of 1103?
1
What is the hundreds digit of 1081?
0
What is the hundreds digit of 25007?
0
What is the thousands digit of 9694?
9
What is the hundreds digit of 39154?
1
What is the thousands digit of 28205?
8
What is the thousands digit of 3653?
3
What is the tens digit of 486?
8
What is the ten thousands digit of 10595?
1
What is the tens digit of 1988?
8
What is the tens digit of 66719?
1
What is the ten thousands digit of 47836?
4
What is the units digit of 21?
1
What is the thousands digit of 11293?
1
What is the units digit of 3966?
6
What is the tens digit of 60505?
0
What is the hundreds digit of 10143?
1
What is the tens digit of 3611?
1
What is the hundreds digit of 5108?
1
What is the thousands digit of 8058?
8
What is the hundreds digit of 3517?
5
What is the thousands digit of 29934?
9
What is the hundreds digit of 4088?
0
What is the ten thousands digit of 16620?
1
What is the units digit of 2058?
8
What is the thousands digit of 1351?
1
What is the hundreds digit of 17076?
0
What is the tens digit of 2892?
9
What is the tens digit of 714?
1
What is the thousands digit of 52245?
2
What is the units digit of 5088?
8
What is the units digit of 233?
3
What is the hundreds digit of 12023?
0
What is the tens digit of 1064?
6
What is the tens digit of 2204?
0
What is the hundreds digit of 2185?
1
What is the tens digit of 123866?
6
What is the tens digit of 21716?
1
What is the ten thousands digit of 31882?
3
What is the hundreds digit of 10076?
0
What is the tens digit of 48361?
6
What is the units digit of 203?
3
What is the tens digit of 1887?
8
What is the thousands digit of 14208?
4
What is the hundreds digit of 1278?
2
What is the tens digit of 2311?
1
What is the units digit of 5943?
3
What is the thousands digit of 3908?
3
What is the thousands digit of 11811?
1
What is the ten thousands digit of 10999?
1
What is the units digit of 2008?
8
What is the thousands digit of 8411?
8
What is the thousands digit of 11399?
1
What is the ten thousands digit of 55552?
5
What is the tens digit of 1707?
0
What is the hundreds digit of 5889?
8
What is the thousands digit of 5597?
5
What is the units digit of 5451?
1
What is the thousands digit of 14295?
4
What is the tens digit of 18873?
7
What is the tens digit of 8019?
1
What is the tens digit of 18915?
1
What is the tens digit of 977?
7
What is the hundreds digit of 1065?
0
What is the tens digit of 116?
1
What is the hundreds digit of 173?
1
What is the units digit of 19589?
9
What is the tens digit of 15990?
9
What is the tens digit of 685?
8
What is the thousands digit of 10118?
0
What is the ten thousands digit of 59388?
5
What is the thousands digit of 4865?
4
What is the units digit of 1019?
9
What is the tens digit of 343?
4
What is the ten thousands digit of 47666?
4
What is the hundreds digit of 183?
1
What is the units digit of 155385?
5
What is the units digit of 5444?
4
What is the thousands digit of 1766?
1
What is the ten thousands digit of 36350?
3
What is the units digit of 2349?
9
What is the units digit of 158?
8
What is the thousands digit of 12395?
2
What is the thousands digit of 1612?
1
What is the units digit of 1524?
4
What is the tens digit of 16350?
5
What is the hundreds digit of 1031?
0
What is the units digit of 2512?
2
What is the units digit of 1013?
3
What is the hundreds digit of 74769?
7
What is the ten thousands digit of 21519?
2
What is the units digit of 881?
1
What is the hundreds digit of 1090?
0
What is the ten thousands digit of 51855?
5
What is the hundreds digit of 3547?
5
What is the thousands digit of 6859?
6
What is the units digit of 131?
1
What is the tens digit of 1064?
6
What is the hundreds digit of 2128?
1
What is the hundreds digit of 16461?
4
What is the hundreds digit of 1376?
3
What is the units digit of 35020?
0
What is the hundreds digit of 3774?
7
What is the units digit of 86?
6
What is the tens digit of 2140?
4
What is the units digit of 5?
5
What is the hundreds digit of 1792?
7
What is the tens digit of 1849?
4
What is the thousands digit of 13722?
3
What is the thousands digit of 4786?
4
What is the hundreds digit of 3237?
2
What is the units digit of 30103?
3
What is the hundreds digit of 12713?
7
What is the units digit of 14390?
0
What is the units digit of 79870?
0
What is the hundreds digit of 19804?
8
What is the thousands digit of 1527?
1
What is the tens digit of 15562?
6
What is the thousands digit of 6857?
6
What is the tens digit of 1233?
3
What is the hundreds digit of 26633?
6
What is the thousands digit of 5503?
5
What is the units digit of 10049?
9
What is the tens digit of 7535?
3
What is the units digit of 9785?
5
What is the thousands digit of 10063?
0
What is the units digit of 7250?
0
What is the tens digit of 44578?
7
What is the thousands digit of 38417?
8
What is the hundreds digit of 37668?
6
What is the units digit of 33?
3
What is the tens digit of 436?
3
What is the tens digit of 7014?
1
What is the units digit of 342?
2
What is the tens digit of 9143?
4
What is the thousands digit of 1554?
1
What is the hundreds digit of 2804?
8
What is the thousands digit of 22569?
2
What is the hundreds digit of 29191?
1
What is the hundreds digit of 36525?
5
What is the thousands digit of 4623?
4
What is the thousands digit of 2116?
2
What is the thousands digit of 1481?
1
What is the thousands digit of 29403?
9
What is the units digit of 83894?
4
What is the thousands digit of 32273?
2
What is the tens digit of 56?
5
What is the ten thousands digit of 11775?
1
What is the hundreds digit of 558?
5
What is the ten thousands digit of 29665?
2
What is the thousands digit of 17407?
7
What is the units digit of 2414?
4
What is the tens digit of 20474?
7
What is the units digit of 19175?
5
What is the thousands digit of 3433?
3
What is the ten thousands digit of 20208?
2
What is the units digit of 3086?
6
What is the hundreds digit of 20653?
6
What is the units digit of 8238?
8
What is the units digit of 28971?
1
What is the tens digit of 829?
2
What is the tens digit of 24008?
0
What is the tens digit of 637?
3
What is the hundreds digit of 1280?
2
What is the tens digit of 11026?
2
What is the hundreds digit of 816?
8
What is the tens digit of 1966?
6
What is the tens digit of 4648?
4
What is the units digit of 8662?
2
What is the tens digit of 7465?
6
What is the hundreds digit of 71931?
9
What is the tens digit of 11594?
9
What is the hundreds digit of 75070?
0
What is the thousands digit of 26879?
6
What is the units digit of 7253?
3
What is the tens digit of 1274?
7
What is the thousands digit of 56574?
6
What is the ten thousands digit of 54884?
5
What is the thousands digit of 2223?
2
What is the hundreds digit of 123978?
9
What is the units digit of 8813?
3
What is the tens digit of 1292?
9
What is the hundred